q - 1027 - 58 = 0. Suppose -q = -0*u - 7*u. Suppose 5*f - 87 = -4*v, -5*v + 0*f + u = -3*f. What is the units digit of v?
8
Let y(b) = -b**3 + 54*b**2 - 17*b - 160. What is the hundreds digit of y(34)?
3
Suppose -4*r + w + 33615 = -78637, 5*r = -8*w + 140315. What is the thousands digit of r?
8
Let u be ((-6)/(-4))/(-6*(-2)/(-32)). Let n be ((-27)/u)/(6/16). Let c = n - 17. What is the units digit of c?
1
Let x = -16058 - -28938. What is the units digit of x?
0
Suppose g - 23314 = -5*b, 150*b - 4*g - 9330 = 148*b. What is the units digit of b?
3
Let b(a) = -a**3 + 3*a**2 + 6*a - 20. Let f(g) = 6*g - 89. Let d be f(16). Let w be b(d). Let r = w - -339. What is the units digit of r?
5
Suppose -1 = -m - 4*d, 0*m - 2*m + d = -2. What is the units digit of (-4 + m - -324)/((-2)/(-2))?
1
Let x = -3916 + 9111. What is the tens digit of x?
9
Let y = -7 - -12. Let h(j) = -j**3 - 6 - 5*j + 1108*j**2 + 1101*j**2 - 2198*j**2. What is the tens digit of h(y)?
1
What is the tens digit of ((-12)/(-36)*-9)/((-2)/10486)?
2
Let l be -6*(0 - -2 - 1). Let p(g) = -64*g - 248. Let d be p(0). Let r = l - d. What is the hundreds digit of r?
2
Let d(q) = -2*q**3 + 26*q**2 + 7*q - 14. Let u(l) = l**2 + l + 1. Let k(o) = d(o) - 2*u(o). What is the units digit of k(12)?
4
Suppose -9*t + 49665 = -6*t - 3*j, 0 = -2*j + 4. Suppose 0 = 35*s - 16938 - t. What is the tens digit of s?
5
Let b(p) be the first derivative of p**4/4 + 7*p**3 + 19*p**2/2 + 73*p + 42. What is the tens digit of b(-18)?
0
Let r(j) = -2198*j + 9. Let t be r(-1). Suppose 12*i - t - 2629 = 0. What is the tens digit of i?
0
Let x(f) = 4*f - 3. Let a be x(2). Let r = -31 - -36. Suppose 5 = a*w, -2*y + r*w - w + 206 = 0. What is the hundreds digit of y?
1
Suppose 5*d - 107 = -362. What is the hundreds digit of (189/2 + -1)*(d + 57)?
5
Suppose -5*g - 9 = 4*a - 4, 3*g - 24 = 3*a. Let q(i) = -7*i - i + g*i - 8 + 3*i. What is the units digit of q(-5)?
2
Let z = -46 - -48. Suppose 2*n = 2*v - 3*v - 116, 2*v = z*n + 116. Let x = n + 193. What is the hundreds digit of x?
1
Suppose 3*a + 32 = 41. Suppose -a*g - 2*i + 755 = -512, -g - 5*i + 431 = 0. What is the units digit of g?
1
Let x(a) = 107*a + 496. What is the units digit of x(56)?
8
Let r = 24393 - 11993. What is the ten thousands digit of r?
1
Let l(f) = f**3 + 7*f**2 - f + 5. Let m be l(-7). Let t = m - 6. Suppose 0 = -3*a - 12, -124 = 2*j - t*j + 5*a. What is the tens digit of j?
2
Suppose -4*n - 30583 = -99063. What is the ten thousands digit of n?
1
Let l be 0/(-6 + -1 - -10). What is the tens digit of (6836 - -3)/7 + l?
7
Suppose 7*g - 4*g = -5*s + 43, -2*s - 5*g = -2. Suppose -7 = s*f + 158. What is the units digit of (-242 - -7)*18/f?
2
Let z(f) be the third derivative of f**6/180 + f**5/24 - 7*f**4/12 + 9*f**2. Let q(b) be the second derivative of z(b). What is the tens digit of q(8)?
3
Let d = 65 + -59. Suppose -d = -6*r + 12. What is the units digit of 34/(-17) - -9*r?
5
Suppose 25 = -5*m, -27 = -4*r + 3*m + 12. Suppose -r*k + 0*k = -1782. Suppose -k = -6*y - 3*y. What is the units digit of y?
3
What is the hundreds digit of (5283/36)/(10/1320)?
3
Suppose 99*c - 605414 = -172988 + 307401. What is the tens digit of c?
7
Let a = 100928 + -19899. What is the units digit of a?
9
Suppose -20 = -5*c + 5*p, 5*p = -2 + 7. Let i = -2 - 0. What is the tens digit of (c + -8)/(i/36)?
5
Suppose 1341*s - 4906330 = 871*s. What is the hundreds digit of s?
4
Suppose 0 = 27*b - 32*b. Suppose b = 4*m - 1552 - 6192. What is the hundreds digit of m?
9
Suppose 167*n - 3360295 = 3344174 - 905561. What is the tens digit of n?
2
Suppose -72158 + 27686 = -24*f. What is the units digit of f?
3
Let w be ((-18)/27)/((-4)/(-6)). Let g be ((-6)/(-5))/(10/25) + w. Suppose -z + 463 = 5*i - 3*z, g = 2*z. What is the units digit of i?
3
Suppose g = 5*n + 5*g + 8, g = -n - 2. Let w be -13 - (-7 + 7 - 17). Suppose 910 = 5*r + 2*x, x + w - 9 = n. What is the hundreds digit of r?
1
Let m(h) = 0*h**3 - h**3 + 14 - 2*h**2 + 5*h**2 + 0*h**3 - 3*h. Let j be m(3). Suppose -j*y + 2*o = -398, 2*y + 3*o = 3*y - 90. What is the tens digit of y?
7
Let y(f) = 6*f**2 - 2*f - 1. Suppose 2 - 3 = j. Let q be y(j). Let r(z) = 14*z - 3. What is the units digit of r(q)?
5
Suppose -3*p = -2*o + 6979, 65*p - 3*o = 68*p + 6954. Let t = -1605 - p. What is the hundreds digit of t?
7
Suppose -3*n + 2*h + 5486 = -10790, -h - 21698 = -4*n. What is the units digit of n?
4
What is the units digit of ((-1263693)/628)/(6/(-16))?
6
Let d = 183 + -179. Let g(z) = 16*z**2 - 4*z - 3. Let n be g(-2). Let s = n - d. What is the tens digit of s?
6
Let p be ((-18)/12)/(30/12 - 2). Let l be -2 - (1 - (186 - -2)). What is the units digit of (p/(-2))/(-6 - l/(-30))?
9
Suppose n = 4*r - 20, -2*r + 3*n = -11 + 1. Suppose 0 = -0*h + r*h - 625. Let x = h + -71. What is the tens digit of x?
5
Let h = -40 - -34. Let j be 3/(14/108 - h/(-36)). Let l = j + 188. What is the units digit of l?
7
Suppose 30*n - 56*n = -730366. What is the thousands digit of n?
8
Let w(u) = u + 529. Let k(t) = -t**2 - 21*t - 20. Let b be k(-20). Let m be w(b). Suppose 5*p = 2*h - h + 527, -2*h - m = -5*p. What is the tens digit of p?
0
Suppose 0 = 12*v - 11*v + n + 495, -3*n + 1491 = -3*v. What is the tens digit of -13 + 6 + (-4 - v)?
8
Let a be (9/(-27))/(4/(-24)). Suppose -2*m + m - a*j + 370 = 0, 0 = -5*m - 4*j + 1844. What is the units digit of m?
8
Let p(x) = 2*x**3 - 14*x**2 + 51*x + 100. What is the thousands digit of p(16)?
5
Let b = -182 - -213. Suppose b*x = 33*x - 310. What is the units digit of x?
5
Let x = -48262 + 88416. What is the units digit of x?
4
Suppose -5*m + 7295 = -h, 0 = 5*m + h - 5*h - 7280. What is the tens digit of ((-20)/550*-11)/(1/m)?
8
Let t be 8/52 + 2/(-13) - 2. What is the units digit of 10/3*(1443/t)/(-13)?
5
Suppose -32*o = -24*o - 6368. Suppose 0*t - t = 5*w - o, 3*w + 1553 = 2*t. What is the tens digit of t?
8
Suppose 1878 = i - m, 2*m = -12*i + 16*i - 7518. What is the hundreds digit of i?
8
Let g(b) = 1480*b**2 + 17*b - 18. Suppose 5*s + 2 + 23 = 5*n, 3*n - 4*s - 19 = 0. What is the units digit of g(n)?
9
Let m be (3915/60)/(-2 - (-274)/136). What is the tens digit of ((-32)/24)/(0 + (-6)/m)?
8
Suppose -2*d - b + 8959 + 46649 = 0, 2*b - 250221 = -9*d. What is the thousands digit of d?
7
Let w(m) = -4*m**3 + 10*m**2 - 11*m + 25. What is the units digit of w(-9)?
0
Suppose -9*z = -4*z - 15, -4*w + 99986 = 2*z. What is the thousands digit of w?
4
Let o(g) = -g**3 - 5*g**2 - 4*g + 20. Let b be o(-8). Suppose 328 = 4*s - i + 5*i, 3*s + 5*i - b = 0. Suppose -s = -2*u - 31. What is the units digit of u?
6
Let g(x) = 30*x + 115. Let r(p) = 10*p - 54. Let w be r(6). What is the units digit of g(w)?
5
Let n be ((-16)/8 - 0)/((-2)/255). Let p = n - 95. What is the units digit of p?
0
Let l = -161 - -134. Let d(i) = -23*i - 138. What is the units digit of d(l)?
3
Suppose 0 = -8*o - 4*o + 2*o + 101650. What is the thousands digit of o?
0
Suppose -p - 4*r = -23853, 11*r - 30 = 6*r. What is the tens digit of p?
2
Let v(r) = -38*r + 31. Suppose 3*x = -3*x - 42. What is the hundreds digit of v(x)?
2
Suppose 42 = 2*d - d. Let y = 146 + d. What is the hundreds digit of y?
1
Let t(x) = 13*x**3 - 3*x**2 - 28*x - 4. What is the units digit of t(10)?
6
Let s = 169 + -94. Let z = -2 + s. Let w = z - 39. What is the units digit of w?
4
What is the hundreds digit of 44143 - ((-80)/(-16) - -16)?
1
Suppose 2*i + 0*i = 2*n - 22, -4*n = 4*i - 28. Suppose -n*t + 8 = -5*t. Suppose 84 = 4*r + t*r. What is the units digit of r?
4
What is the hundreds digit of 0 + (-4)/(-20) - (12 + (-61278)/10)?
1
Let s(m) = 5*m**3 + 11*m**2 + 32*m - 186. What is the units digit of s(11)?
2
Let i = -359 - -362. Suppose -58 = 4*d + i*k - 443, 3*k = 3*d - 315. What is the hundreds digit of d?
1
What is the hundreds digit of ((-8)/8 - -3)/(8/28) + 20343?
3
Suppose -102120 = -17*w - 57*w. What is the units digit of w?
0
Let x(k) = 3*k**2 + 7*k - 5. Let l be x(6). Let c(n) = -17*n**2 - 159*n + 7*n**2 + l*n - n**3 + 1. What is the units digit of c(-10)?
1
Let g(r) = 3*r + 4*r**3 - 17 - 2*r**3 + 2*r**2 + 0*r**3 - 19*r. What is the tens digit of g(5)?
0
Let z(l) = -l**3 + 2*l**2 - 12*l - 19. Let a(o) = o**3 - 3*o**2 + 12*o + 20. Let y(p) = 4*a(p) + 5*z(p). What is the te